{"id":7,"date":"2019-04-04T22:19:04","date_gmt":"2019-04-04T20:19:04","guid":{"rendered":"http:\/\/ftvmuttenzfreidorf.ch\/?page_id=7"},"modified":"2025-02-05T23:26:57","modified_gmt":"2025-02-05T22:26:57","slug":"kontakt","status":"publish","type":"page","link":"https:\/\/ftvmuttenzfreidorf.ch\/?page_id=7","title":{"rendered":"Kontakt"},"content":{"rendered":"\n<p>F\u00fcr Ausk\u00fcnfte zum Sportangebot steht dir <strong>Tanja Ruppen<\/strong> als Technische Leiterin gerne zur Verf\u00fcgung: <a href=\"mailto:technischeleiterin@ftvmuttenzfreidorf.ch\">technischeleiterin@ftvmuttenzfreidorf.ch<\/a> und f\u00fcr weitere Fragen \u00fcber unseren Verein kannst du dich direkt an unsere Pr\u00e4sidentin <strong>Daniela Imbrogiano: <\/strong><a href=\"mailto:praesidentin@ftvmuttenzfreidorf.ch\">praesidentin@ftvmuttenzfreidorf.ch<\/a> wenden.<\/p>\n\n\n\n<h2 class=\"wp-block-heading\" id=\"vorstandsmitglieder\">Vorstandsmitglieder<\/h2>\n\n\n\n<p>Pr\u00e4sidentin: Daniela Imbrogiano<br>Aktuarin: Manuela Cueni<br>Kassiererin: Denise K\u00fcmmerli<br>Technische Leiterin: Tanja Ruppen<br>Beisitzerin: Isa Worni<br>Beisitzerin: Kathrin Decrue<\/p>\n","protected":false},"excerpt":{"rendered":"<p>F\u00fcr Ausk\u00fcnfte zum Sportangebot steht dir Tanja Ruppen als Technische Leiterin gerne zur Verf\u00fcgung: technischeleiterin@ftvmuttenzfreidorf.ch und f\u00fcr weitere Fragen \u00fcber unseren Verein kannst du dich direkt an unsere Pr\u00e4sidentin Daniela Imbrogiano: praesidentin@ftvmuttenzfreidorf.ch wenden. Vorstandsmitglieder Pr\u00e4sidentin: Daniela ImbrogianoAktuarin: Manuela CueniKassiererin: Denise K\u00fcmmerliTechnische Leiterin: Tanja RuppenBeisitzerin: Isa WorniBeisitzerin: Kathrin Decrue<\/p>\n","protected":false},"author":2,"featured_media":0,"parent":0,"menu_order":0,"comment_status":"closed","ping_status":"closed","template":"templates\/full-width-page.php","meta":{"footnotes":""},"class_list":["post-7","page","type-page","status-publish","hentry","without-featured-image"],"_links":{"self":[{"href":"https:\/\/ftvmuttenzfreidorf.ch\/index.php?rest_route=\/wp\/v2\/pages\/7","targetHints":{"allow":["GET"]}}],"collection":[{"href":"https:\/\/ftvmuttenzfreidorf.ch\/index.php?rest_route=\/wp\/v2\/pages"}],"about":[{"href":"https:\/\/ftvmuttenzfreidorf.ch\/index.php?rest_route=\/wp\/v2\/types\/page"}],"author":[{"embeddable":true,"href":"https:\/\/ftvmuttenzfreidorf.ch\/index.php?rest_route=\/wp\/v2\/users\/2"}],"replies":[{"embeddable":true,"href":"https:\/\/ftvmuttenzfreidorf.ch\/index.php?rest_route=%2Fwp%2Fv2%2Fcomments&post=7"}],"version-history":[{"count":19,"href":"https:\/\/ftvmuttenzfreidorf.ch\/index.php?rest_route=\/wp\/v2\/pages\/7\/revisions"}],"predecessor-version":[{"id":1146,"href":"https:\/\/ftvmuttenzfreidorf.ch\/index.php?rest_route=\/wp\/v2\/pages\/7\/revisions\/1146"}],"wp:attachment":[{"href":"https:\/\/ftvmuttenzfreidorf.ch\/index.php?rest_route=%2Fwp%2Fv2%2Fmedia&parent=7"}],"curies":[{"name":"wp","href":"https:\/\/api.w.org\/{rel}","templated":true}]}}